tens digit of 4576070?
7
What is the ten millions digit of 13388029?
1
What is the hundreds digit of 2547545?
5
What is the hundreds digit of 92515?
5
What is the tens digit of 815035?
3
What is the tens digit of 872033?
3
What is the hundred thousands digit of 9523709?
5
What is the units digit of 16538?
8
What is the hundreds digit of 565946?
9
What is the ten thousands digit of 195039?
9
What is the units digit of 14932607?
7
What is the thousands digit of 41266?
1
What is the hundreds digit of 495671?
6
What is the ten thousands digit of 325626?
2
What is the thousands digit of 1038518?
8
What is the tens digit of 489558?
5
What is the hundred thousands digit of 437903?
4
What is the thousands digit of 6427919?
7
What is the units digit of 1196391?
1
What is the hundred thousands digit of 284875?
2
What is the hundred thousands digit of 1205114?
2
What is the ten millions digit of 11974045?
1
What is the units digit of 310921?
1
What is the ten thousands digit of 28883867?
8
What is the millions digit of 27084691?
7
What is the ten thousands digit of 3798467?
9
What is the tens digit of 1508083?
8
What is the tens digit of 4881010?
1
What is the thousands digit of 1265391?
5
What is the hundred thousands digit of 2211177?
2
What is the thousands digit of 1117735?
7
What is the millions digit of 3780689?
3
What is the hundreds digit of 22778764?
7
What is the ten thousands digit of 475640?
7
What is the hundred thousands digit of 511720?
5
What is the tens digit of 52685?
8
What is the hundred thousands digit of 2721120?
7
What is the thousands digit of 741465?
1
What is the units digit of 16934916?
6
What is the ten thousands digit of 764849?
6
What is the tens digit of 4346548?
4
What is the ten thousands digit of 872910?
7
What is the hundred thousands digit of 2673682?
6
What is the tens digit of 436627?
2
What is the thousands digit of 115668?
5
What is the thousands digit of 7653660?
3
What is the units digit of 36314260?
0
What is the tens digit of 18517399?
9
What is the thousands digit of 11023485?
3
What is the hundred thousands digit of 846509?
8
What is the thousands digit of 5947564?
7
What is the units digit of 5851535?
5
What is the units digit of 3145904?
4
What is the ten thousands digit of 13162502?
6
What is the hundreds digit of 4611629?
6
What is the millions digit of 4701257?
4
What is the hundred thousands digit of 306641?
3
What is the hundred thousands digit of 510903?
5
What is the units digit of 633777?
7
What is the thousands digit of 12313179?
3
What is the thousands digit of 1389033?
9
What is the hundreds digit of 12034?
0
What is the thousands digit of 916750?
6
What is the ten thousands digit of 552182?
5
What is the hundreds digit of 162440?
4
What is the hundreds digit of 22333833?
8
What is the thousands digit of 325408?
5
What is the tens digit of 424485?
8
What is the hundreds digit of 1738293?
2
What is the tens digit of 11195313?
1
What is the ten thousands digit of 80805?
8
What is the hundred thousands digit of 230473?
2
What is the thousands digit of 265473?
5
What is the hundred thousands digit of 2171830?
1
What is the hundreds digit of 7607810?
8
What is the units digit of 30129771?
1
What is the hundreds digit of 650994?
9
What is the units digit of 989426?
6
What is the tens digit of 1417428?
2
What is the hundred thousands digit of 4473171?
4
What is the thousands digit of 16917261?
7
What is the units digit of 77979?
9
What is the units digit of 256596?
6
What is the tens digit of 3560802?
0
What is the hundred thousands digit of 6761479?
7
What is the ten thousands digit of 5364924?
6
What is the hundreds digit of 437779?
7
What is the units digit of 344325?
5
What is the ten thousands digit of 2184551?
8
What is the thousands digit of 1464073?
4
What is the thousands digit of 36698?
6
What is the units digit of 158880?
0
What is the hundreds digit of 26621505?
5
What is the units digit of 1155364?
4
What is the hundred thousands digit of 356322?
3
What is the hundred thousands digit of 852832?
8
What is the hundreds digit of 3949877?
8
What is the ten thousands digit of 820476?
2
What is the thousands digit of 11618957?
8
What is the thousands digit of 18142?
8
What is the thousands digit of 3204946?
4
What is the tens digit of 145764?
6
What is the millions digit of 1428387?
1
What is the millions digit of 3366617?
3
What is the hundred thousands digit of 1239388?
2
What is the ten thousands digit of 1643240?
4
What is the thousands digit of 127704?
7
What is the hundred thousands digit of 2517167?
5
What is the thousands digit of 5014288?
4
What is the ten thousands digit of 490454?
9
What is the thousands digit of 4464399?
4
What is the hundred thousands digit of 9312980?
3
What is the thousands digit of 93997?
3
What is the thousands digit of 1621934?
1
What is the ten thousands digit of 8733446?
3
What is the ten thousands digit of 1495289?
9
What is the hundred thousands digit of 1752492?
7
What is the millions digit of 1516312?
1
What is the thousands digit of 1267135?
7
What is the units digit of 504147?
7
What is the thousands digit of 818134?
8
What is the tens digit of 3429449?
4
What is the ten thousands digit of 231363?
3
What is the hundred thousands digit of 2895966?
8
What is the hundred thousands digit of 8426978?
4
What is the hundred thousands digit of 4588231?
5
What is the units digit of 2628033?
3
What is the thousands digit of 281261?
1
What is the thousands digit of 106536?
6
What is the ten thousands digit of 471766?
7
What is the hundreds digit of 528456?
4
What is the ten thousands digit of 266332?
6
What is the units digit of 507491?
1
What is the hundreds digit of 339477?
4
What is the thousands digit of 257679?
7
What is the hundreds digit of 204495?
4
What is the ten thousands digit of 4865592?
6
What is the ten thousands digit of 708858?
0
What is the millions digit of 1074225?
1
What is the tens digit of 941949?
4
What is the tens digit of 355802?
0
What is the hundreds digit of 42255?
2
What is the tens digit of 7638893?
9
What is the millions digit of 1027865?
1
What is the units digit of 8604992?
2
What is the tens digit of 665865?
6
What is the hundreds digit of 1629792?
7
What is the units digit of 2457599?
9
What is the tens digit of 432626?
2
What is the ten millions digit of 22914459?
2
What is the thousands digit of 294880?
4
What is the ten thousands digit of 3583215?
8
What is the hundreds digit of 151799?
7
What is the hundreds digit of 169478?
4
What is the units digit of 77861?
1
What is the millions digit of 2611198?
2
What is the units digit of 944498?
8
What is the units digit of 3382660?
0
What is the hundred thousands digit of 650793?
6
What is the ten thousands digit of 479177?
7
What is the hundreds digit of 3962841?
8
What is the thousands digit of 15674053?
4
What is the tens digit of 1028039?
3
What is the thousands digit of 1250834?
0
What is the units digit of 31911135?
5
What is the hundred thousands digit of 1727697?
7
What is the hundreds digit of 3187729?
7
What is the millions digit of 2345583?
2
What is the thousands digit of 618412?
8
What is the units digit of 1113107?
7
What is the hundreds digit of 4241177?
1
What is the hundreds digit of 505867?
8
What is the hundred thousands digit of 5534122?
5
What is the hundreds digit of 2200907?
9
What is the hundred thousands digit of 1665836?
6
What is the ten thousands digit of 553724?
5
What is the thousands digit of 700687?
0
What is the units digit of 11883097?
7
What is the hundred thousands digit of 11259331?
2
What is the hundreds digit of 655306?
3
What is the tens digit of 99706?
0
What is the tens digit of 889931?
3
What is the ten thousands digit of 8595541?
9
What is the units digit of 1557990?
0
What is the hundreds digit of 4601183?
1
What is the units digit of 6013954?
4
What is the millions digit of 3712816?
3
What is the hundred thousands digit of 952741?
9
What is the units digit of 1627755?
5
What is the thousands digit of 5875707?
5
What is the hundred thousands digit of 27832715?
8
What is the tens digit of 11178395?
9
What is the millions digit of 5640779?
5
What is the thousands digit of 965555?
5
What is the ten thousands digit of 1374831?
7
What is t